rs of (5 - 3) + g - -26.
2, 13
Suppose 37*z + 4383 = 46*z. What are the prime factors of z?
487
Let k(f) = 4*f. Let z be k(5). Let u(y) = -y**2 - 6*y. Let i be u(-6). Let t = z + i. What are the prime factors of t?
2, 5
Suppose -75*p + 76*p - 779 = 0. List the prime factors of p.
19, 41
Let y(w) = w**3 + 7*w**2 - 9*w + 10. Let k(i) = i**3 + 6*i**2 - 8*i + 8. Let o(b) = -4*k(b) + 3*y(b). Suppose -c = 3*c + 20. List the prime factors of o(c).
23
Let d = -4 + 0. What are the prime factors of (d/11)/2 + 994/22?
3, 5
Let f(x) = 9*x**2 + 9*x - 27. Let w be f(5). Suppose -3*j = -u - 278, 2*j - w = -2*u - 63. What are the prime factors of j?
2, 23
Let b(q) = -q**3 - 23*q**2 - 30*q - 16. List the prime factors of b(-23).
2, 337
Suppose o = 7*o + 18. Let u(f) = 2*f**2 + 4*f. Let p be u(o). Suppose p*h - 3*h = 126. List the prime factors of h.
2, 3, 7
Suppose -5*o - 4*l + 1201 + 437 = 0, 3*o + 3*l - 981 = 0. List the prime factors of o.
2, 3, 5, 11
Let u = 3 + 9. Suppose 16*h = u*h + 216. List the prime factors of h.
2, 3
Suppose -1 = -5*k - 11. Let r(x) = -16*x. List the prime factors of r(k).
2
Let s = 83 + -79. List the prime factors of (s/(-10))/((-7)/2030).
2, 29
Suppose 0 = -3*x - 0*x - 33. Let v(a) be the first derivative of -a**4/4 - 4*a**3 - 11*a**2/2 + 14*a - 69. List the prime factors of v(x).
2, 7
Let s(j) = 32*j**2 + 21*j + 87. What are the prime factors of s(-5)?
2, 17, 23
Suppose -3*v + v = 0. Suppose -5*l - 2*p = -120 - 38, v = -l - 5*p + 27. List the prime factors of l.
2
Suppose -109344 = -42*x - 15810. List the prime factors of x.
17, 131
Suppose 11*j + 5*b = 7*j + 651, 0 = 2*j - 5*b - 303. What are the prime factors of j?
3, 53
Suppose 12*v = 10*v - 6. Let f = v + 5. Suppose -f*y - 4*m + 108 - 38 = 0, 0 = 5*y + 4*m - 181. List the prime factors of y.
37
Let m(k) = -k**2 - 6*k - 18. Let n(v) = 3*v**2 + 12*v + 37. Let d(h) = 5*m(h) + 2*n(h). What are the prime factors of d(13)?
3, 5
Suppose 6*g - 26 = -7*g. What are the prime factors of g?
2
Let v(d) = 2*d - 16. Suppose -11*k + 15 = -8*k. Suppose k*a - 2 - 83 = 0. List the prime factors of v(a).
2, 3
Suppose -1514*b - 43470 = -1529*b. What are the prime factors of b?
2, 3, 7, 23
Suppose -u + 805 = 4*l, -l + 3720 = 4*u + 470. What are the prime factors of u?
3, 271
List the prime factors of 5*((234 - -13) + -13).
2, 3, 5, 13
Let o(b) = 38*b - 24. List the prime factors of o(11).
2, 197
Suppose -2*s = 3*s + 1540. What are the prime factors of s/(-6) - 22/(-33)?
2, 13
Let o be 0 + (-6)/(-4)*-4. Let r(w) = -8*w - 23. List the prime factors of r(o).
5
Let f(u) = -350*u - 185. List the prime factors of f(-4).
3, 5
List the prime factors of (-41)/((21/7)/(-201)).
41, 67
Let m be 1 - (2 + (-6 - -3)). Let j be 7/(-14)*(-70 + m). Let n = j + -7. What are the prime factors of n?
3
Let u(p) be the first derivative of -p**5/60 + 17*p**4/24 - 5*p**3/3 + 4*p**2 + 4. Let y(c) be the second derivative of u(c). List the prime factors of y(14).
2
Let v(z) = z**3 - 8*z**2 - 8*z - 5. Let g be v(9). Suppose 5*y - 275 = -u - g*u, 0 = -2*y - u + 110. What are the prime factors of y?
5, 11
Let u = -1929 - -4166. What are the prime factors of u?
2237
What are the prime factors of 229 - (0 - (3 + -10))?
2, 3, 37
Let k(x) be the second derivative of -11*x**3/2 - 5*x**2/2 - 5*x. List the prime factors of k(-2).
61
Let r = 5 - 1. Suppose r*m - 80 + 4 = -4*a, 5*a + 5 = 0. What are the prime factors of m?
2, 5
Let q(b) = 2*b**3 - 2*b**2 - 6*b + 1. Suppose -6*t = -3*n - 5*t + 52, 50 = 3*n - 2*t. Suppose 4*z - 10*z = -n. List the prime factors of q(z).
19
Suppose 0 = 5*l - 3*f - 7640 - 20785, -28415 = -5*l + 5*f. What are the prime factors of 6/(-14) - l/(-42)?
3, 5
Let h(d) = 3*d - 3. Let p be h(5). Let y be ((-15)/(-6))/((-3)/p). List the prime factors of 796/18 + y/45.
2, 11
Let d(m) = m**2 + 17*m + 10. Let o = -30 + 12. What are the prime factors of d(o)?
2, 7
Suppose -3 = -5*g + 4*g. Suppose -h - g*h + 60 = 0. Suppose -t + h = 4*t. List the prime factors of t.
3
Let a(h) = 294*h + 11. What are the prime factors of a(2)?
599
Suppose -3 = -3*g, -a - 2*g - 31 = -0*a. Let v = a + 21. Let m = 27 + v. What are the prime factors of m?
3, 5
Let c = 49 - -34. List the prime factors of c.
83
Let t = 756 + -213. Suppose -4*h - 2*r = -r - 725, 3*h = -r + t. What are the prime factors of h?
2, 7, 13
Let p = -158 + 993. What are the prime factors of p?
5, 167
Suppose 5*q - 14 = -4*s + 8*s, 3*s = q - 5. Suppose 1 = q*f - 3. Suppose 0 = f*z - 3*z - 1, 2*z = 4*i - 122. What are the prime factors of i?
2, 3, 5
Suppose -2*n - a = 72, -131 - 1 = 4*n - 4*a. Let o = 428 - 394. Let g = o - n. What are the prime factors of g?
3, 23
Let x(m) = -32*m**3 + 5*m**2 + 4*m - 6. What are the prime factors of x(-2)?
2, 131
Let o(a) = a - 6. Let b be o(-10). What are the prime factors of b/6*279/(-12)?
2, 31
Suppose 70*a + 2540 = 74*a. List the prime factors of a.
5, 127
Suppose 4*z - 1996 = -3*b, 5*z = -4*b + 2*z + 2666. What are the prime factors of b?
2, 167
Suppose 17514 + 5509 = 11*s. List the prime factors of s.
7, 13, 23
Let y(b) = 9*b + 3 - b**2 - 9 - 4. Suppose -20 - 1 = -3*t. What are the prime factors of y(t)?
2
Let q(g) = -14*g**2 - 1 - g**3 + 21*g**2 - 5. Suppose 5*f + 0*f - 30 = 0. List the prime factors of q(f).
2, 3, 5
Let p(b) = 67*b + 1. Let o(u) = u + 6. Let i be o(7). Suppose -a + 0*s = 3*s - i, 4 = -4*a + 2*s. What are the prime factors of p(a)?
2, 17
Suppose -2*f = -4*k - 82, -58 = -2*f - 5*k + k. Suppose 0 = -2*b - 3*s + 8*s + f, b - 4*s = 25. Suppose 0 = -0*r - b*r + 135. List the prime factors of r.
3
Suppose 7*u - 2*u = -1160. What are the prime factors of u/24*(1 + -4)?
29
Let t = 113 - 67. Let k = t + -18. What are the prime factors of k?
2, 7
Let t(l) = -9*l**2 + 67*l - 66. Let a(r) = 5*r**2 - 34*r + 33. Let s(g) = -5*a(g) - 3*t(g). What are the prime factors of s(20)?
3, 71
Let p be (4/4)/(2/6). Suppose 2*j + 7*a - p*a = 20, 23 = 5*j + a. Suppose j*t = 7*t - 15. What are the prime factors of t?
5
Suppose -148 = -0*m - 2*m. Let x = 129 - m. What are the prime factors of x?
5, 11
Let u(q) = 11*q**2 + 17*q - 12. What are the prime factors of u(11)?
2, 3, 251
Let o(f) = f**3 - 11*f**2 - 20*f + 12. Let p be o(14). Suppose -5 - 11 = -4*q, 5*k = 5*q + p. What are the prime factors of k?
2, 17
Let b(t) = 32*t - 5. List the prime factors of b(28).
3, 11
Let s = 122 + -87. Let o be 453/(-7) - 10/s. Let f = -33 - o. List the prime factors of f.
2
Suppose 94*l = 194910 + 34450. List the prime factors of l.
2, 5, 61
Let f = 932 - 440. What are the prime factors of f?
2, 3, 41
Suppose -740 = -w + 2*u, u - 512 = -2*w + 983. What are the prime factors of w?
2, 373
Let n(t) = 4*t**2 + 17*t + 4. List the prime factors of n(10).
2, 7, 41
Let t = 16 - 13. Suppose 0 = -p - t*k - 0*k - 23, p = -4*k - 23. Let h = -5 - p. What are the prime factors of h?
2, 3
Let u(p) = -3*p + 3. Let x be u(3). Let q be (-40 - -1)*2/x. Let r = q + -10. What are the prime factors of r?
3
Suppose 6*v + 0 = 30. What are the prime factors of -38*(15/v)/(-3)?
2, 19
Suppose 3*w + 10 = 4*h - 7, 0 = -w - 3. Let c(n) = 2*n + 8. List the prime factors of c(h).
2, 3
Suppose -3*i - i = 256. Let v = 96 + i. What are the prime factors of v?
2
Let p be 2/7 - 10/(-14) - -79. Let h(x) = 56*x**3 + x. Let r be h(1). Let u = p - r. List the prime factors of u.
23
Let r be ((-8)/4)/((-1)/2). Suppose -5*a - 134 = 4*j + 11, -r*a - 3*j = 117. Let k = 8 - a. What are the prime factors of k?
41
Suppose -3*c + 9 = -10*d + 8*d, -c - 4*d + 3 = 0. Suppose 0 = -p + 5*w + 199, c*w - 712 + 8 = -4*p. List the prime factors of p.
179
Let t(x) = -2*x - 8. Let c be t(-8). Suppose 6*i + 6 = c*i. List the prime factors of i.
3
Suppose -2*b + 3*k = -806, -4*b + 4*k + 1612 = -0*b. What are the prime factors of b?
13, 31
Suppose 0 = -3*m + 6*m - 24. Suppose -m*g + 306 = g. What are the prime factors of g?
2, 17
What are the prime factors of 100*201*5/30?
2, 5, 67
Suppose 0 = 73*j - 79*j + 12. Let v be (-14)/(-3) - 1/(-3). Let f = v - j. List the prime factors of f.
3
Let h(v) = -v**2 + 7*v + 22. Let a be h(9). Suppose 148 = 4*o - a*q, -2*q + 64 = 2*o + q. List the prime factors of o.
5, 7
Suppose 3*u - 2*u = 3. Suppose j + 6 = -4*i + u*j, -3*i - 22 = -5*j. Suppose a - i = 8. List the prime facto